{"id":445,"date":"2021-01-18T16:23:38","date_gmt":"2021-01-18T15:23:38","guid":{"rendered":"http:\/\/rmimmo.fr\/?page_id=445"},"modified":"2021-01-18T16:37:03","modified_gmt":"2021-01-18T15:37:03","slug":"mentions-legales","status":"publish","type":"page","link":"https:\/\/rmimmo.fr\/index.php\/mentions-legales\/","title":{"rendered":"Mentions l\u00e9gales"},"content":{"rendered":"\t\t<div data-elementor-type=\"wp-page\" data-elementor-id=\"445\" class=\"elementor elementor-445\" data-elementor-settings=\"[]\">\n\t\t\t\t\t\t<div class=\"elementor-inner\">\n\t\t\t\t\t\t\t<div class=\"elementor-section-wrap\">\n\t\t\t\t\t\t\t<section class=\"elementor-section elementor-top-section elementor-element elementor-element-6db0072 elementor-section-boxed elementor-section-height-default elementor-section-height-default\" data-id=\"6db0072\" data-element_type=\"section\">\n\t\t\t\t\t\t<div class=\"elementor-container elementor-column-gap-default\">\n\t\t\t\t\t\t\t<div class=\"elementor-row\">\n\t\t\t\t\t<div class=\"elementor-column elementor-col-100 elementor-top-column elementor-element elementor-element-03877b3\" data-id=\"03877b3\" data-element_type=\"column\">\n\t\t\t<div class=\"elementor-column-wrap elementor-element-populated\">\n\t\t\t\t\t\t\t<div class=\"elementor-widget-wrap\">\n\t\t\t\t\t\t<div class=\"elementor-element elementor-element-fb3a352 elementor-widget elementor-widget-heading\" data-id=\"fb3a352\" data-element_type=\"widget\" data-widget_type=\"heading.default\">\n\t\t\t\t<div class=\"elementor-widget-container\">\n\t\t\t<h1 class=\"elementor-heading-title elementor-size-default\">Mentions l\u00e9gales<\/h1>\t\t<\/div>\n\t\t\t\t<\/div>\n\t\t\t\t<div class=\"elementor-element elementor-element-7e40fdb elementor-widget elementor-widget-text-editor\" data-id=\"7e40fdb\" data-element_type=\"widget\" data-widget_type=\"text-editor.default\">\n\t\t\t\t<div class=\"elementor-widget-container\">\n\t\t\t\t\t<div class=\"elementor-text-editor elementor-clearfix\"><div id=\"main\" class=\"sidebar-none\"><div class=\"wf-wrap\"><div class=\"wf-container-main\"><div id=\"content\" class=\"content\" role=\"main\"><h3>EDITEUR :<\/h3><p>RM PUBLICITE SARL<br \/>RCS Nanterre 519\u00a0774\u00a0327<br \/>SIRET 51977432700034<br \/>N\u00b0 TVA Intracommunautaire :\u00a0FR75519774327<br \/>Code NAF : 1812Z<br \/>Soci\u00e9t\u00e9 \u00e0 responsabilit\u00e9 limit\u00e9e au capital de 21\u00a0800,00 \u20ac<br \/>Si\u00e8ge social : 8 rue Gay Lussac 91380 Chilly Mazarin<br \/>Courrier \u00e9lectronique :\u00a0contact@rmpublicite.fr<br \/>T\u00e9l :\u00a001 49 86 21 60<br \/>Directeur de la Publication : Muriel Conquet<br \/>Num\u00e9ro de d\u00e9claration CNIL :<\/p><h3>H\u00c9BERGEUR :<\/h3><p>OVH 2, rue Kellermann, 59100 Roubaix<\/p><h3>INFORMATIONS DES UTILISATEURS<\/h3><p>Les informations des utilisateurs recueillies par le biais des formulaires de contact et de t\u00e9l\u00e9chargement du site\u00a0<a href=\"http:\/\/www.rmpublicite.fr\/\">www.rmpublicite.fr<\/a>\u00a0font l\u2019objet d\u2019un traitement informatique et seront conserv\u00e9es par RM PUBLICITE qui pourra vous contacter pour vous proposer de nouveaux services. Conform\u00e9ment \u00e0 la loi \u00ab informatique et libert\u00e9s \u00bb du 6 janvier 1978 modifi\u00e9e en 2004, vous b\u00e9n\u00e9ficiez d\u2019un droit d\u2019acc\u00e8s et de rectification aux informations qui vous concernent, que vous pouvez exercer en vous adressant \u00e0 RM PUBLICITE , 8 rue Gay Lussac 91380 Chilly Mazarin ou par mail contact@rmpublicite.fr. Vous pouvez \u00e9galement vous opposer au traitement des donn\u00e9es vous concernant et demander la suppression de vos informations de nos bases de donn\u00e9es par ce m\u00eame biais.<\/p><h3>LIENS HYPERTEXTES<\/h3><p>Le site\u00a0<a href=\"http:\/\/www.rmpublicite.fr\/\">www.rmpublicite.fr<\/a>\u00a0peut contenir des liens hypertextes vers d\u2019autres sites pr\u00e9sents sur le r\u00e9seau Internet. Les liens vers ces autres ressources vous font quitter le site\u00a0<a href=\"http:\/\/www.rmpublicite.fr\/\">www.rmpublicite.fr<\/a>. Il est possible de cr\u00e9er un lien vers n\u2019importe quelle page du site sans autorisation expresse de RM PUBLICITE. Aucune autorisation ou demande d\u2019information pr\u00e9alable ne peut \u00eatre exig\u00e9e par l\u2019\u00e9diteur \u00e0 l\u2019\u00e9gard d\u2019un site qui souhaite \u00e9tablir un lien vers le site de l\u2019\u00e9diteur. Il convient toutefois d\u2019afficher ce site dans une nouvelle fen\u00eatre du navigateur. Cependant, RM PUBLICITE se r\u00e9serve le droit de demander la suppression d\u2019un lien qu\u2019il estime non conforme \u00e0 l\u2019objet du site\u00a0<a href=\"http:\/\/www.rmpublicite.fr\/\">www.rmpublicite.fr<\/a>.<\/p><h3>RESPONSABILIT\u00c9 DE L\u2019\u00c9DITEUR<\/h3><p>Les informations et\/ou documents figurant sur ce site et\/ou accessibles par ce site proviennent de sources consid\u00e9r\u00e9es comme \u00e9tant fiables. Toutefois, ces informations et\/ou documents sont susceptibles de contenir des inexactitudes techniques et des erreurs typographiques. RM PUBLICITE se r\u00e9serve le droit de les corriger, d\u00e8s que ces erreurs sont port\u00e9es \u00e0 sa connaissance. Il est fortement recommand\u00e9 de v\u00e9rifier l\u2019exactitude et la pertinence des informations et\/ou documents mis \u00e0 disposition sur ce site. Les informations et\/ou documents disponibles sur ce site sont susceptibles d\u2019\u00eatre modifi\u00e9s \u00e0 tout moment, et peuvent avoir fait l\u2019objet de mises \u00e0 jour. En particulier, ils peuvent avoir fait l\u2019objet d\u2019une mise \u00e0 jour entre le moment de leur t\u00e9l\u00e9chargement et celui o\u00f9 l\u2019utilisateur en prend connaissance. L\u2019utilisation des informations et\/ou documents disponibles sur ce site se fait sous l\u2019enti\u00e8re et seule responsabilit\u00e9 de l\u2019utilisateur, qui assume la totalit\u00e9 des cons\u00e9quences pouvant en d\u00e9couler, sans que RM PUBLICITE puisse \u00eatre recherch\u00e9 \u00e0 ce titre, et sans recours contre ce dernier. RM PUBLICITE ne pourra en aucun cas \u00eatre tenu responsable de tout dommage de quelque nature qu\u2019il soit r\u00e9sultant de l\u2019interpr\u00e9tation ou de l\u2019utilisation des informations et\/ou documents disponibles sur ce site.<\/p><\/div><\/div><\/div><\/div><\/div>\n\t\t\t\t<\/div>\n\t\t\t\t<\/div>\n\t\t\t\t\t\t<\/div>\n\t\t\t\t\t<\/div>\n\t\t<\/div>\n\t\t\t\t\t\t\t\t<\/div>\n\t\t\t\t\t<\/div>\n\t\t<\/section>\n\t\t\t\t\t\t<\/div>\n\t\t\t\t\t\t<\/div>\n\t\t\t\t\t<\/div>\n\t\t","protected":false},"excerpt":{"rendered":"<p>Mentions l\u00e9gales EDITEUR : RM PUBLICITE SARLRCS Nanterre 519\u00a0774\u00a0327SIRET 51977432700034N\u00b0 TVA Intracommunautaire :\u00a0FR75519774327Code NAF : 1812ZSoci\u00e9t\u00e9 \u00e0 responsabilit\u00e9 limit\u00e9e au capital de 21\u00a0800,00 \u20acSi\u00e8ge social : 8 rue Gay Lussac 91380 Chilly MazarinCourrier \u00e9lectronique :\u00a0contact@rmpublicite.frT\u00e9l :\u00a001 49 86 21 60Directeur de la Publication : Muriel ConquetNum\u00e9ro de d\u00e9claration CNIL : H\u00c9BERGEUR : OVH 2, rue Kellermann, 59100 Roubaix INFORMATIONS DES UTILISATEURS Les informations des utilisateurs recueillies par le biais des formulaires de contact et de t\u00e9l\u00e9chargement du site\u00a0www.rmpublicite.fr\u00a0font l\u2019objet d\u2019un traitement informatique et seront conserv\u00e9es par RM PUBLICITE qui pourra vous contacter pour vous proposer de nouveaux services. Conform\u00e9ment \u00e0 la loi \u00ab informatique et libert\u00e9s \u00bb du 6 janvier 1978 modifi\u00e9e en 2004, vous b\u00e9n\u00e9ficiez d\u2019un droit d\u2019acc\u00e8s et de rectification aux informations qui vous concernent, que vous pouvez exercer en vous adressant \u00e0 RM PUBLICITE , 8 rue Gay Lussac 91380 Chilly Mazarin ou par mail contact@rmpublicite.fr. Vous&hellip;<\/p>\n<p> <a class=\"more-link\" href=\"https:\/\/rmimmo.fr\/index.php\/mentions-legales\/\">Lire la suite<\/a><\/p>\n","protected":false},"author":1,"featured_media":0,"parent":0,"menu_order":0,"comment_status":"closed","ping_status":"closed","template":"","meta":[],"tags":[],"_links":{"self":[{"href":"https:\/\/rmimmo.fr\/index.php\/wp-json\/wp\/v2\/pages\/445"}],"collection":[{"href":"https:\/\/rmimmo.fr\/index.php\/wp-json\/wp\/v2\/pages"}],"about":[{"href":"https:\/\/rmimmo.fr\/index.php\/wp-json\/wp\/v2\/types\/page"}],"author":[{"embeddable":true,"href":"https:\/\/rmimmo.fr\/index.php\/wp-json\/wp\/v2\/users\/1"}],"replies":[{"embeddable":true,"href":"https:\/\/rmimmo.fr\/index.php\/wp-json\/wp\/v2\/comments?post=445"}],"version-history":[{"count":10,"href":"https:\/\/rmimmo.fr\/index.php\/wp-json\/wp\/v2\/pages\/445\/revisions"}],"predecessor-version":[{"id":458,"href":"https:\/\/rmimmo.fr\/index.php\/wp-json\/wp\/v2\/pages\/445\/revisions\/458"}],"wp:attachment":[{"href":"https:\/\/rmimmo.fr\/index.php\/wp-json\/wp\/v2\/media?parent=445"}],"wp:term":[{"taxonomy":"post_tag","embeddable":true,"href":"https:\/\/rmimmo.fr\/index.php\/wp-json\/wp\/v2\/tags?post=445"}],"curies":[{"name":"wp","href":"https:\/\/api.w.org\/{rel}","templated":true}]}}